{"id":2,"date":"2018-03-21T11:19:57","date_gmt":"2018-03-21T10:19:57","guid":{"rendered":"https:\/\/www.gareauxcoquines.com\/blog\/?page_id=2"},"modified":"2023-10-16T15:50:14","modified_gmt":"2023-10-16T13:50:14","slug":"avis-et-temoignages-gare-aux-coquines","status":"publish","type":"page","link":"https:\/\/www.gareauxcoquines.com\/blog\/avis-et-temoignages-gare-aux-coquines","title":{"rendered":"Avis et T\u00e9moignages Gare aux Coquines"},"content":{"rendered":"<p>Voici une liste non exhaustive des derniers avis laiss\u00e9s par nos membres de Gare aux Coquines.<br \/>\nVous pouvez nous <a href=\"https:\/\/www.gareauxcoquines.com\/contact.php\">laisser votre avis<\/a> en vous rendant sur notre <a href=\"https:\/\/www.gareauxcoquines.com\/contact.php\">page de contact<\/a>.<\/p>\n<blockquote><p><strong>16\/10\/2023<br \/>\n<\/strong><em>Bien que nous sommes sur diff\u00e9rents sites de rencontres, n<\/em><em>ous tenons a remercier particuli\u00e8rement \u00ab\u00a0gare aux coquines\u00a0\u00bb pour les nombreuses rencontres que nous y avons faites en \u00e9tant un couple candaulistes&#8230;<\/em><\/p><\/blockquote>\n<blockquote><p><strong>01\/09\/2022<br \/>\n<\/strong><em>Merci d\u2019avance, et un grand bravo pour votre site.<\/em><br \/>\n<em>Cath et Richard !<\/em><\/p><\/blockquote>\n<blockquote><p><strong>03\/05\/2022<br \/>\n<\/strong><em>Merci, Merci, Merci, pouvoir surfer incognito sans \u00eatre d\u00e9rang\u00e9 par la gent masculine que l&rsquo;on ne souhaite pas. Les femmes vont enfin pouvoir prendre leur temps pour choisir leur partenaire. Excellente initiative de votre part !<\/em><\/p><\/blockquote>\n<blockquote><p><strong>15\/04\/2022<\/strong><br \/>\n<em>Bonjour je suis sur votre site depuis bient\u00f4t presque 5 ans j&rsquo;y ai fait de tr\u00e8s belles rencontres&#8230; Je souhaite bonne continuation au r\u00e9seau bon weekend \u00e0 vous !<\/em><\/p><\/blockquote>\n<blockquote><p><strong>26\/12\/2021<\/strong><br \/>\n<em>Ce site est bien fait et c&rsquo;est le seul site gratuit viable que j&rsquo;ai trouver sur internet. <\/em><em>Merci pour \u00e7a, j&rsquo;esp\u00e8re que il restera ouvert longtemps !<\/em><\/p><\/blockquote>\n<blockquote><p><strong>06\/11\/2021<\/strong><br \/>\n<em>Un immense respect pour votre travail remarquable !<\/em><\/p><\/blockquote>\n<blockquote><p><strong>30\/09\/2021<\/strong><br \/>\n<em>Fid\u00e8les sur le site depuis 2019 &#8211; Gareauxcoquines nous a permis de rencontrer &#8211; en toute simplicit\u00e9 &#8211; plusieurs Hommes &#8211; Femmes ou Couples &#8211; et aujourd&rsquo;hui et malgr\u00e9 la situation sanitaire &#8211; Le site reste toujours un bon moyen de rester en contact avec nos Ami(e)s qui en sont encore au stade virtuel. De la simplicit\u00e9 du site &#8211; de l&rsquo;efficacit\u00e9 des Mod\u00e9rateurs &#8211; des infos appropri\u00e9es ainsi que quelques conseils et astuces int\u00e9ressantes &#8211; na\u00eet le plaisir d&rsquo;y venir et le plus important &#8211; d&rsquo;y rester.<\/em><\/p>\n<ul>\n<li><strong>R\u00e9ponse Gare aux Coquines : <\/strong><em>Merci \ud83d\ude42<\/em><em>, \u00c7a fait toujours plaisir !<\/em><\/li>\n<li><em><strong>R\u00e9ponse Membre :<\/strong> Mais de rien &#8211; c&rsquo;est avec plaisir et une totale honn\u00eatet\u00e9 que nous nous sommes exprim\u00e9s &#8211; Nous appr\u00e9cions r\u00e9ellement votre site qui &#8211; en plus d&rsquo;\u00eatre gratuit &#8211; reste un bon moyen pour nous de d\u00e9couvrir et d&rsquo;entretenir notre libido &#8211; alors c&rsquo;est plut\u00f4t \u00e0 nous toutes et tous de vous remercier de nous offrir cette opportunit\u00e9. Continuez comme cela.<\/em><\/li>\n<\/ul>\n<\/blockquote>\n<blockquote><p><strong>07\/03\/2021<\/strong><br \/>\n<em>Jaime vraiment votre site c&rsquo;est un des meilleurs que j&rsquo;ai pu voir, continuez comme \u00e7a c&rsquo;est vraiment tr\u00e8s bien bonne continuation.<\/em><\/p><\/blockquote>\n<blockquote><p><strong>23\/11\/2020<\/strong><br \/>\n<em>Le site est bien fait, tr\u00e8s simple et, efficace et en plus avec une excellente \u00e9quipe de mod\u00e9ration&#8230; Nous sommes tr\u00e8s satisfaits de notre inscription. Merci gareauxcoquines.com !<\/em><\/p><\/blockquote>\n<blockquote><p><strong>14\/10\/2020<\/strong><br \/>\n<em>Je cherchais des plans cul, lui aussi : on a finalement trouv\u00e9 l&rsquo;amour ! Depuis plus d&rsquo;un an nous sommes ensemble et commen\u00e7ons \u00e0 faire des projets d&rsquo;avenir.<\/em><br \/>\n<em>Merci !<\/em><\/p><\/blockquote>\n<blockquote><p><strong>25\/09\/2020<\/strong><br \/>\n<em>Merci, vous \u00eates un tr\u00e8s bon site, j&rsquo;ai trouv\u00e9 des gens biens (certes ils faut faire un peu de s\u00e9lection cela n&rsquo;est pas de votre faute)<br \/>\nJe fais une pause !<br \/>\n<\/em><\/p><\/blockquote>\n<blockquote><p><strong>24\/05\/2020<\/strong><br \/>\n<em>Je tiens juste \u00e0 vous remercier pour la cr\u00e9ation et la tenue de ce site. J\u2019y fais des allers et retours depuis un moment et toujours satisfaite. <\/em><em>Qualit\u00e9 et rapidit\u00e9. Rien \u00e0 dire. <\/em><em>Le site est actif et dynamique. <\/em><em>Merci pour votre investissement. C\u2019est le meilleur site que j\u2019ai test\u00e9. Les autres ne sont en rien comparable.<\/em><\/p><\/blockquote>\n<blockquote><p><strong>18\/05\/2020<\/strong><br \/>\n<em>Super plateforme&#8230; O\u00f9 il n&rsquo;y pas de blabla et tous le monde sais pourquoi il est&#8230;. J&rsquo;ai trouv\u00e9 ce que je cherchais&#8230; Bon taf les Admins&#8230;<\/em><\/p><\/blockquote>\n<blockquote><p><strong>17\/04\/2020<br \/>\n<\/strong><em>Merci, Site agr\u00e9able avec des personnes sans prises de t\u00eate !<\/em><\/p><\/blockquote>\n<blockquote><p><strong>29\/02\/2020<br \/>\n<\/strong><em>J\u2019ai d\u00e9couvert votre site difficilement car il n\u2019est pas encore tr\u00e8s visible sur le moteur de recherche Google.<br \/>\nMais c&rsquo;est un tr\u00e8s bon site, fiable et qui tiens ses engagements (totalement gratuit et illimit\u00e9) c&rsquo;est plut\u00f4t rare.<br \/>\nSeul b\u00e9mol ! Il n\u2019y a pas beaucoup de femmes dans le sud ouest de la France, la majorit\u00e9 sont dans le nord<br \/>\nMerci \u00e0 tous !<br \/>\nContinuez \u00e0 nous r\u00e9galer !<\/em><\/p><\/blockquote>\n<blockquote><p><strong>22\/11\/2019<br \/>\n<\/strong><em>Bonjour, un site 100% gratuit un grand bravo!&#8230; toutefois quelques am\u00e9liorations seraient n\u00e9cessaires:<\/em><br \/>\n<em>&#8211; on ne sait pas si nos messages ont \u00e9t\u00e9 lus, un accus\u00e9 ou une date de lecture serait un plus.<\/em><br \/>\n<em>&#8211; une date de derni\u00e8re connexion sur les profiles nous donnerait une vision quand \u00e0 leurs passages sur le site et si toujours actif ou non. beaucoup de profiles dates maintenant..<\/em><br \/>\n<em>Ces quelques ajouts apporteraient un confort suppl\u00e9mentaire.<\/em><br \/>\n<em>cordialement,<\/em><br \/>\n<em>Yannick<\/em><\/p>\n<ul>\n<li><strong>R\u00e9ponse Gare aux Coquines : <\/strong><em>Bonjour, merci pour ces suggestions ! Nous allons y r\u00e9fl\u00e9chir pour un prochain update.<\/em><\/li>\n<\/ul>\n<\/blockquote>\n<blockquote><p><strong>07\/11\/2019<br \/>\n<\/strong><em>Bravo et merci \u00e0 l&rsquo;\u00e9quipe! <\/em><br \/>\n<em>Vous \u00eates je pense LE MEILLEUR SITE du moment en ce qui concerne les rencontres \u00ab\u00a0libertine\u00a0\u00bb &#8212;&gt; GRATUITE &lt;&#8212; ! ! ! ! !<\/em><\/p>\n<p><em>C&rsquo;est donc avec grand plaisir qu&rsquo;\u00e0 mon niveau je vais essayer de vous promouvoir. En effet, quelques profils sont des \u00ab\u00a0pro\u00a0\u00bb mais avec la r\u00e9activit\u00e9 dont vous faites part lors d&rsquo;un signalement peut-\u00eatre trop vite d\u2019ailleurs (\u00e0 voir pour virer un membre qu&rsquo;apr\u00e8s 2 signalement? Car j&rsquo;ai un contact qui c&rsquo;est probablement fait virer sans r\u00e9el raison valable (ex: mec(s) lourd et peux scrupuleux qui signal car vex\u00e9&#8230;) sans \u00e7a vous assurez, le site ET L&rsquo;APPLICATION est intuitif, jolie et les filtres:EXEMPLAIRES et suffisant ! &amp;#128526;<\/em><\/p>\n<p><em>Am\u00e9lioration \u00e0 apporter:<\/em><br \/>\n<em>_Confirmation en 2 vote pour virer (bannir).<\/em><br \/>\n<em>_Comme pour \u00e9crire un message via \u00ab\u00a0LE PROFIL DE X\u00a0\u00bb, pouvoir \u00ab\u00a0aller \u00e0 la ligne\u00a0\u00bb en appuyant sur \u00ab\u00a0entrer en bas \u00e0 droite du clavier\u00a0\u00bb quand nous somment cette fois ci via \u00ab\u00a0LA MESSAGERIE PERSONNEL\u00a0\u00bb IMPORTANT cela \u00e9vite de passer pour un lourdo en envoyant plusieurs messages (qui notifient et sonnent chez X !) alors que l&rsquo;on souhaitaient simplement aller \u00e0 la ligne &amp;#128549;<\/em><\/p>\n<p><em>Encore une fois MERCIxxx vous devriez grandir, et j&rsquo;y travaillerai (\u00e0 mon simple niveau).<\/em><\/p>\n<p><em>La bise les louloux<\/em><\/p><\/blockquote>\n<blockquote><p><strong>16\/09\/2019<\/strong><br \/>\n<em>Bonjour, je souhaite d\u00e9j\u00e0 remercier toute l\u2019\u00e9quipe de gare aux coquines, g\u00e9nial ce site !<\/em><\/p><\/blockquote>\n<blockquote><p><strong>13\/09\/2019<\/strong><br \/>\n<em>Bonsoir \u00e0 toute l&rsquo;\u00e9quipe. Tout d&rsquo;abord, je tiens \u00e0 vous remercier pour ce site tr\u00e8s agr\u00e9able et intuitif. De tous les sites que nous avons pu pratiquer &#8211; gareauxcoquines reste et &#8211; nous le souhaitons &#8211; restera le plus agr\u00e9able \u00e0 utiliser autant pour les rencontres que nous y avons faites que pour les nouvelles qui suivront !<\/em><\/p><\/blockquote>\n<blockquote><p><strong>25\/07\/2019<\/strong><br \/>\n<em>Site servant h\u00e9las \u00e0 des femmes majoritairement lesbiennes et bourr\u00e9es de fantasmes.<br \/>\nDommage, car il est sympa, bien fait et gratuit.<br \/>\nTrop de mecs, pas assez de vraies femmes, et je doute que certains y trouvent leurs compte !<br \/>\nIl faudrait trouver un moyen d&rsquo;am\u00e9liorer. par exemple, en cr\u00e9ant une page lesbiennes\/gays, une autre pour couples, une pour les h\u00e9t\u00e9ros&#8230;C&rsquo;est une suggestion&#8230;.<br \/>\nCordialement<\/em><\/p>\n<ul>\n<li><strong>R\u00e9ponse Gare aux Coquines : <\/strong><em>Bonjour, vous pouvez filtrer par sexe afin de trouver ce que vous cherchez&#8230; Bonne journ\u00e9e.<\/em><\/li>\n<\/ul>\n<\/blockquote>\n<blockquote><p><strong>15\/05\/2019<\/strong><br \/>\n<em>Bonjour, Est-ce que c&rsquo;est possible de poster des vid\u00e9os personnelles et si oui sous quel format? <\/em><em>Merci d&rsquo;avance. <\/em><em>Site extra !<\/em><br \/>\n<em>Salutations<\/em><\/p>\n<ul>\n<li><strong>R\u00e9ponse Gare aux Coquines : <\/strong><em>Bonjour, c&rsquo;est impossible malheureusement. Mais nous avons pris en compte votre remarque. Bonne journ\u00e9e.<\/em><\/li>\n<\/ul>\n<\/blockquote>\n<blockquote><p><strong>13\/05\/2019<\/strong><br \/>\n<em>Bonjour, je cherchais une sexfriend sympa, j&rsquo;ai trouv\u00e9 une sexfriend qui est devenu l&rsquo;amour de ma vie !!<\/em><br \/>\n<em>merci \u00e0 vous !<\/em><\/p><\/blockquote>\n<blockquote><p><strong>29\/03\/2019<\/strong><br \/>\n<em>Merci pour les infos concernant la politique de s\u00e9curit\u00e9. J&rsquo;\u00e9tais tr\u00e8s d\u00e9\u00e7u d&rsquo;imaginer l&rsquo;inverse, car vos sites sont vraiment bien au dessus de la concurrence&#8230;<\/em><\/p><\/blockquote>\n<blockquote><p><strong>24\/12\/2018<\/strong><br \/>\n<em>Bonjour, <\/em><em>Je suis membre sur votre site, je ne rencontre aucun probl\u00e8me je voulais juste remercier l&rsquo;\u00e9quipe et vous souhaitez de tr\u00e8s bonne f\u00eates de fin d&rsquo;ann\u00e9e. <\/em><br \/>\n<em>Cordialement Arnaud<\/em><\/p><\/blockquote>\n<blockquote><p><strong>22 octobre 2018<\/strong><br \/>\n<em>Bonjour, je souhaiterais me d\u00e9sinscrire car j&rsquo;ai trouv\u00e9 mon bonheur&#8230;<\/em><\/p><\/blockquote>\n<blockquote><p><strong>15 octobre 2018<\/strong><br \/>\n<em>J&rsquo;ai retrouv\u00e9 mon bonheur merci de bien vouloir supprimer mon compte&#8230;<\/em><\/p><\/blockquote>\n<blockquote><p><strong>19 janvier 2018<\/strong><br \/>\n<em>&#8230; Enfin pour vos archives personnelles je vais vous raconter une anecdote : \u00ab\u00a0sur votre site un homme m&rsquo;a un jour contact\u00e9 nous avons sympathisez il \u00e9tait s\u00e9par\u00e9 depuis quelque mois et se sentait seul. Le lendemain une femme avec le m\u00eame profil et de son d\u00e9partement s&rsquo;inscrit Et bien en 5 jours ils se sont vus, convaincus et je pense qu&rsquo;aujourd&rsquo;hui ils filent le parfais amour puisque lui m&rsquo;a informer de cette belle histoire avant de se d\u00e9sinscrire et qu&rsquo;il n&rsquo;est jamais revenu\u00a0\u00bb<\/em><\/p>\n<p><em>Voil\u00e0 je voulais vous dire que sur votre site il se passe m\u00eame des histoires d&rsquo;amour, et en ce qui me concerne des couacs bien sur, des d\u00e9ceptions aussi mais surtout et c&rsquo;est pour cela que je reste de tr\u00e8s belles et agr\u00e9ables rencontres, voir des amiti\u00e9s lointaines.<\/em><\/p><\/blockquote>\n<blockquote><p><strong>11 novembre 2018<\/strong><br \/>\n<em>Je voulais juste vous dire que votre site est vraiment bien, mais je me suis d\u00e9sinscrite car tr\u00e8s peu d hommes en corse.<\/em><\/p><\/blockquote>\n<blockquote><p><cite><strong>19 ao\u00fbt 2016<\/strong><br \/>\nbonsoir,j&rsquo;ai trouv\u00e9 la personne que je cherch\u00e9 ,une futur amante douce et super gentille merci beaucoup a vous bonne continuation<br \/>\n<\/cite><\/p><\/blockquote>\n<blockquote><p><cite><strong>03 avril 2016<\/strong><br \/>\nEn deux jours, avec une annonce honn\u00eate et une photo j&rsquo;ai trouve quelqu&rsquo;un de bien avec qui j&rsquo;envisage plus que s\u00e9rieusement de faire un long bout de chemin sur le sentier de la vie. La preuve qu&rsquo;il est inutile de payer pour faire la bonne rencontre.<br \/>\nMerci gare aux coquines&#8230;ce fut une belle et courte exp\u00e9rience fructueuse <\/cite><\/p><\/blockquote>\n<blockquote><p><strong>21 janvier 2016<\/strong><br \/>\nBonjour,<br \/>\nSuite \u00e0 la suppression de mon compte, je laisse un t\u00e9moignage:<br \/>\nVotre site m&rsquo;as beaucoup aid\u00e9, j&rsquo;ai trouv\u00e9 un sexfriend qui me correspond parfaitement \ud83d\ude09<br \/>\nF\u00e9licitations pour votre site et votre travail!<\/p><\/blockquote>\n","protected":false},"excerpt":{"rendered":"<p>Voici une liste non exhaustive des derniers avis laiss\u00e9s par nos membres de Gare aux Coquines. Vous pouvez nous laisser votre avis en vous rendant sur notre page de contact. 16\/10\/2023 Bien que nous sommes sur diff\u00e9rents sites de rencontres, nous tenons a remercier particuli\u00e8rement \u00ab\u00a0gare aux coquines\u00a0\u00bb pour les nombreuses rencontres que nous y<\/p>\n","protected":false},"author":1,"featured_media":754,"parent":0,"menu_order":0,"comment_status":"closed","ping_status":"open","template":"","meta":{"footnotes":""},"class_list":["post-2","page","type-page","status-publish","has-post-thumbnail"],"_links":{"self":[{"href":"https:\/\/www.gareauxcoquines.com\/blog\/wp-json\/wp\/v2\/pages\/2","targetHints":{"allow":["GET"]}}],"collection":[{"href":"https:\/\/www.gareauxcoquines.com\/blog\/wp-json\/wp\/v2\/pages"}],"about":[{"href":"https:\/\/www.gareauxcoquines.com\/blog\/wp-json\/wp\/v2\/types\/page"}],"author":[{"embeddable":true,"href":"https:\/\/www.gareauxcoquines.com\/blog\/wp-json\/wp\/v2\/users\/1"}],"replies":[{"embeddable":true,"href":"https:\/\/www.gareauxcoquines.com\/blog\/wp-json\/wp\/v2\/comments?post=2"}],"version-history":[{"count":40,"href":"https:\/\/www.gareauxcoquines.com\/blog\/wp-json\/wp\/v2\/pages\/2\/revisions"}],"predecessor-version":[{"id":1381,"href":"https:\/\/www.gareauxcoquines.com\/blog\/wp-json\/wp\/v2\/pages\/2\/revisions\/1381"}],"wp:featuredmedia":[{"embeddable":true,"href":"https:\/\/www.gareauxcoquines.com\/blog\/wp-json\/wp\/v2\/media\/754"}],"wp:attachment":[{"href":"https:\/\/www.gareauxcoquines.com\/blog\/wp-json\/wp\/v2\/media?parent=2"}],"curies":[{"name":"wp","href":"https:\/\/api.w.org\/{rel}","templated":true}]}}